alculate the highest common divisor of 24 and 7496.
8
Calculate the highest common divisor of 38 and 1805.
19
What is the highest common divisor of 3525693 and 138?
69
What is the greatest common divisor of 30 and 595905?
15
Calculate the highest common divisor of 480 and 33960.
120
Calculate the highest common factor of 2691 and 12949.
23
What is the greatest common factor of 280 and 3388?
28
Calculate the highest common divisor of 5729 and 20557.
337
Calculate the greatest common divisor of 113490 and 60.
30
Calculate the greatest common factor of 19242 and 666.
18
What is the highest common divisor of 104 and 64935?
13
Calculate the greatest common divisor of 55942 and 33026.
674
What is the greatest common factor of 112948 and 136?
68
Calculate the greatest common divisor of 36180 and 1943.
67
Calculate the highest common divisor of 128093 and 21.
7
What is the highest common divisor of 1344788 and 116?
116
What is the highest common factor of 77 and 3230227?
77
What is the highest common factor of 15 and 1384095?
15
What is the highest common factor of 169424 and 32?
16
Calculate the highest common divisor of 49358 and 184.
46
Calculate the highest common factor of 1341814 and 5946.
1982
What is the greatest common factor of 2160 and 7065?
45
Calculate the greatest common factor of 12482 and 1264.
158
Calculate the greatest common divisor of 116 and 404.
4
Calculate the greatest common divisor of 68309 and 30451.
823
Calculate the highest common factor of 1573061 and 68.
17
Calculate the greatest common divisor of 884 and 4199.
221
What is the highest common factor of 15 and 2284677?
3
Calculate the greatest common divisor of 320 and 67584.
64
Calculate the highest common divisor of 90700 and 800.
100
What is the highest common divisor of 268000 and 5600?
800
What is the highest common factor of 316 and 156578?
158
What is the highest common divisor of 117089 and 3913?
301
What is the greatest common factor of 775 and 41425?
25
What is the greatest common factor of 15116585 and 55?
55
What is the highest common factor of 116 and 24476?
116
What is the highest common factor of 20347913 and 317?
317
Calculate the highest common divisor of 254936 and 110.
22
Calculate the greatest common divisor of 327161 and 5092.
1273
Calculate the greatest common factor of 920 and 103592.
184
What is the highest common factor of 7420 and 1820?
140
Calculate the highest common divisor of 1155 and 298683.
231
What is the greatest common factor of 9304 and 192?
8
Calculate the greatest common divisor of 142997 and 3171.
151
What is the greatest common divisor of 77 and 19124?
7
Calculate the greatest common divisor of 4290 and 220.
110
Calculate the highest common divisor of 363 and 291.
3
What is the greatest common factor of 54 and 354564?
54
Calculate the greatest common factor of 34565 and 465.
155
Calculate the highest common factor of 24983 and 12201.
581
Calculate the highest common divisor of 2395080 and 72.
72
Calculate the greatest common divisor of 15113 and 91.
7
What is the greatest common factor of 8060 and 36580?
620
What is the highest common factor of 117 and 86593?
13
What is the greatest common factor of 56 and 13064?
8
What is the highest common factor of 3627 and 273?
39
What is the greatest common factor of 4082 and 1170?
26
What is the highest common factor of 241 and 1928?
241
Calculate the highest common factor of 91 and 38389.
13
What is the greatest common divisor of 206346 and 42?
42
What is the greatest common divisor of 253568 and 14896?
112
Calculate the highest common divisor of 165 and 1348017.
33
What is the highest common divisor of 4500 and 6450?
150
What is the greatest common divisor of 233940 and 420?
420
Calculate the highest common factor of 13494 and 865.
173
What is the greatest common divisor of 8400 and 10600?
200
Calculate the highest common divisor of 21 and 402619.
7
Calculate the greatest common factor of 44 and 12708.
4
Calculate the greatest common factor of 5093 and 1408.
11
Calculate the highest common divisor of 169152 and 128.
64
What is the highest common factor of 96800 and 4000?
800
Calculate the highest common divisor of 16146 and 741.
39
Calculate the greatest common divisor of 258 and 1028474.
86
What is the highest common factor of 141470 and 98?
14
What is the greatest common factor of 621639 and 6885?
153
What is the highest common factor of 634385 and 710?
355
What is the greatest common factor of 679 and 2219?
7
What is the greatest common factor of 15022 and 2849?
259
Calculate the greatest common divisor of 690 and 52670.
230
Calculate the greatest common factor of 559679 and 1.
1
What is the highest common factor of 19736 and 72?
8
Calculate the highest common divisor of 7551 and 153.
9
Calculate the greatest common factor of 42757 and 13.
13
What is the highest common divisor of 300 and 54612?
12
What is the highest common factor of 1828 and 1262?
2
What is the greatest common factor of 313040 and 10080?
560
Calculate the highest common factor of 1073 and 1450.
29
Calculate the highest common divisor of 38350 and 450.
50
Calculate the greatest common divisor of 36660 and 2808.
156
What is the highest common divisor of 836 and 1501?
19
What is the greatest common factor of 181968 and 4488?
408
What is the greatest common factor of 19 and 285247?
19
Calculate the highest common factor of 525 and 19005.
105
What is the highest common factor of 735 and 4110?
15
Calculate the highest common factor of 179 and 117961.
179
Calculate the greatest common factor of 6663 and 8033357.
2221
What is the greatest common factor of 864235 and 5080?
635
Calculate the highest common divisor of 798 and 117705.
399
What is the highest common factor of 474084 and 12?
12
What is the greatest common divisor of 212 and 70702?
106
What is the greatest common factor of 1580 and 1460?
20
What is the greatest common divisor of 3528 and 1960?
392
What is the highest common divisor of 81660 and 1176?
12
Calculate the highest common divisor of 11544 and 31200.
312
Calculate the highest common divisor of 10 and 193330.
10
What is the greatest common factor of 6990 and 97161?
699
What is the greatest common divisor of 1648608 and 1040?
208
What is the highest common divisor of 380632 and 1568?
392
Calculate the greatest common divisor of 23058 and 11466.
126
Calculate the greatest common factor of 3451 and 1428.
119
Calculate the highest common divisor of 607167 and 132.
33
What is the greatest common factor of 2054 and 260?
26
What is the greatest common divisor of 565079 and 912?
19
Calculate the greatest common factor of 2457 and 164892.
273
What is the highest common factor of 22 and 1583384?
22
What is the greatest common divisor of 560 and 34370?
70
What is the highest common factor of 1585812 and 12?
12
Calculate the greatest common factor of 24712 and 6.
2
What is the highest common factor of 1323 and 15417?
27
What is the highest common factor of 2685 and 3660?
15
Calculate the highest common divisor of 278004 and 12.
12
Calculate the highest common divisor of 71 and 33157.
71
What is the highest common divisor of 55074 and 4623?
201
Calculate the greatest common divisor of 1101 and 8.
1
Calculate the highest common divisor of 1531560 and 120.
120
Calculate the greatest common divisor of 2493820 and 35.
35
What is the highest common divisor of 88509 and 3912?
489
Calculate the highest common divisor of 46 and 1263.
1
What is the greatest common factor of 362855 and 465?
155
Calculate the highest common divisor of 43 and 6886751.
43
What is the highest common divisor of 167913 and 729?
243
What is the greatest common divisor of 50921 and 13?
13
Calculate the greatest common divisor of 164 and 9118810.
82
Calculate the greatest common factor of 12675 and 375.
75
Calculate the highest common factor of 342424 and 1472.
184
What is the greatest common factor of 117 and 10803?
39
Calculate the highest common divisor of 6 and 21962.
2
Calculate the highest common factor of 8228 and 850.
34
What is the greatest common divisor of 2553465 and 45?
15
Calculate the greatest common factor of 126465 and 6.
3
What is the highest common factor of 2081574 and 9?
9
What is the greatest common divisor of 822 and 937628?
274
Calc